{"id":14379,"date":"2024-11-08T10:11:53","date_gmt":"2024-11-08T13:11:53","guid":{"rendered":"https:\/\/www.trilhosdorio.com.br\/aftr_wp\/?page_id=14379"},"modified":"2024-11-08T11:16:46","modified_gmt":"2024-11-08T14:16:46","slug":"quem-somos","status":"publish","type":"page","link":"https:\/\/www.trilhosdorio.com.br\/aftr_wp\/quem-somos\/","title":{"rendered":"Quem somos?"},"content":{"rendered":"<span class=\"rt-reading-time\" style=\"display: block;\"><span class=\"rt-label rt-prefix\">Tempo de leitura: <\/span> <span class=\"rt-time\">3<\/span> <span class=\"rt-label rt-postfix\">minutos <\/span><\/span><p><span style=\"font-size: 20px;\">O Departamento de Pesquisas e Projetos Trilhos do Rio \u00e9 uma institui\u00e7\u00e3o cuja hist\u00f3ria remonta ao ano de 2009. Naquele ano, um grupo de entusiastas, pesquisadores, historiadores e usu\u00e1rios dos sistemas de transporte sobre trilhos, uniu-se com o prop\u00f3sito de resgatar, preservar e divulgar a rica hist\u00f3ria ferrovi\u00e1ria do estado do Rio de Janeiro. Motivados pelo amor \u00e0 ferrovia e pelo desejo de ver esse patrim\u00f4nio valorizado e acess\u00edvel, esses membros volunt\u00e1rios come\u00e7aram a reunir informa\u00e7\u00f5es, realizar pesquisas e disseminar o conhecimento adquirido, conquistando espa\u00e7o em m\u00eddias e sendo citados em importantes ve\u00edculos de imprensa.<\/span><\/p>\n<p><span style=\"font-size: 20px;\">O trabalho realizado ao longo dos anos foi consolidado em 2014 com a formaliza\u00e7\u00e3o do grupo como uma organiza\u00e7\u00e3o n\u00e3o governamental e sem fins lucrativos, sendo assim fundada a Associa\u00e7\u00e3o Ferrovi\u00e1ria Trilhos do Rio. Desde ent\u00e3o, a institui\u00e7\u00e3o fortaleceu sua atua\u00e7\u00e3o, estreitando la\u00e7os com diversas organiza\u00e7\u00f5es, tanto nacionais quanto internacionais, al\u00e9m de promover eventos culturais e educacionais que ajudaram a preservar a mem\u00f3ria ferrovi\u00e1ria do estado. Nossa presen\u00e7a no meio ferrovi\u00e1rio se expandiu, sendo reconhecida como uma voz ativa e respeitada na preserva\u00e7\u00e3o hist\u00f3rica e na promo\u00e7\u00e3o da mobilidade ferrovi\u00e1ria no Estado do Rio de Janeiro. <\/span><\/p>\n<p><span style=\"font-size: 20px;\">No in\u00edcio de 2024 foi criado o Departamento de Pesquisas e Projetos Trilhos do Rio (DPPTR), parte integrante da Associa\u00e7\u00e3o Ferrovi\u00e1ria Melhoramentos do Brasil. Este departamento surgiu com o objetivo de, atrav\u00e9s deste v\u00ednculo, fortalecer as a\u00e7\u00f5es e dar um passo al\u00e9m em nossa miss\u00e3o, intensificando atividades como, dentre outras, o estudo e desenvolvimento de projetos que promovam o transporte ferrovi\u00e1rio no estado do Rio de Janeiro, sempre respeitando e valorizando seu passado, atuando no presente e planejando para o futuro.<\/span><\/p>\n<p><span style=\"font-size: 20px;\">Nosso trabalho est\u00e1 dividido em tr\u00eas frentes principais:<\/span><\/p>\n<p><span style=\"font-size: 20px;\">1. Passado: Realizamos extensas pesquisas em campo, explorando locais hist\u00f3ricos, esta\u00e7\u00f5es abandonadas e antigas linhas ferrovi\u00e1rias. Nossos pesquisadores consultam acervos em institui\u00e7\u00f5es arquiv\u00edsticas e colaboram com especialistas para resgatar documentos e hist\u00f3rias esquecidas, mantendo viva a mem\u00f3ria das ferrovias que outrora desempenharam um papel crucial na economia e desenvolvimento regional.<\/span><\/p>\n<p><span style=\"font-size: 20px;\">2. Presente: Monitoramos o funcionamento e as condi\u00e7\u00f5es dos transportes sobre trilhos no estado, mantendo contato constante com as concession\u00e1rias e outras institui\u00e7\u00f5es de preserva\u00e7\u00e3o ferrovi\u00e1ria. Tamb\u00e9m estabelecemos um di\u00e1logo com entidades governamentais, oferecendo apoio, sugest\u00f5es e dados hist\u00f3ricos que possam ajudar na preserva\u00e7\u00e3o do patrim\u00f4nio ferrovi\u00e1rio e na melhoria dos servi\u00e7os de transporte.<\/span><\/p>\n<p><span style=\"font-size: 20px;\">3. Futuro: Atuamos de maneira proativa, desenvolvendo propostas e projetos voltados para a reativa\u00e7\u00e3o de linhas ferrovi\u00e1rias desativadas e a cria\u00e7\u00e3o de novos trechos, sejam eles para transporte de passageiros, de cargas, ou com fins tur\u00edsticos. Nosso objetivo tamb\u00e9m \u00e9 contribuir para a melhoria da mobilidade urbana e regional, trazendo progresso e desenvolvimento para a popula\u00e7\u00e3o. Acreditamos que a ferrovia pode desempenhar um papel essencial no crescimento sustent\u00e1vel, unindo cidades e promovendo a economia local.<\/span><\/p>\n<p><span style=\"font-size: 20px;\">Ao longo desses anos, o Departamento de Pesquisas e Projetos Trilhos do Rio tem se dedicado com compromisso e seriedade a impulsionar o transporte ferrovi\u00e1rio, valorizando a hist\u00f3ria e projetando um futuro onde as ferrovias sejam vistas n\u00e3o apenas como um legado, mas como uma solu\u00e7\u00e3o para os desafios de mobilidade e desenvolvimento do Rio de Janeiro, como um todo, e quem sabe, o Brasil?<\/span><\/p>\n<p>&nbsp;<\/p>\n<p><span style=\"font-size: 20px;\"><em>Vamos que vamos!<\/em><\/span><\/p>\n<p>&nbsp;<\/p>\n<span class=\"su-qrcode su-qrcode-align-center su-qrcode-clickable\"><a href=\"https:\/\/www.trilhosdorio.com.br\/aftr_wp\/quem-somos\/\" target=\"_blank\" title=\"Saiba mais sobre os Trilhos do Rio! \"><img decoding=\"async\" src=\"https:\/\/api.qrserver.com\/v1\/create-qr-code\/?data=https%3A%2F%2Fwww.trilhosdorio.com.br%2Faftr_wp%2Fwp-json%2Fwp%2Fv2%2Fpages%2F14379&#038;size=500x500&#038;format=png&#038;margin=2&#038;color=000000&#038;bgcolor=ffffff\" alt=\"Saiba mais sobre os Trilhos do Rio! \" \/><\/a><\/span>\n<div class=\"pvc_clear\"><\/div>\n<p id=\"pvc_stats_14379\" class=\"pvc_stats total_only  \" data-element-id=\"14379\" style=\"\"><i class=\"pvc-stats-icon medium\" aria-hidden=\"true\"><svg aria-hidden=\"true\" focusable=\"false\" data-prefix=\"far\" data-icon=\"chart-bar\" role=\"img\" xmlns=\"http:\/\/www.w3.org\/2000\/svg\" viewBox=\"0 0 512 512\" class=\"svg-inline--fa fa-chart-bar fa-w-16 fa-2x\"><path fill=\"currentColor\" d=\"M396.8 352h22.4c6.4 0 12.8-6.4 12.8-12.8V108.8c0-6.4-6.4-12.8-12.8-12.8h-22.4c-6.4 0-12.8 6.4-12.8 12.8v230.4c0 6.4 6.4 12.8 12.8 12.8zm-192 0h22.4c6.4 0 12.8-6.4 12.8-12.8V140.8c0-6.4-6.4-12.8-12.8-12.8h-22.4c-6.4 0-12.8 6.4-12.8 12.8v198.4c0 6.4 6.4 12.8 12.8 12.8zm96 0h22.4c6.4 0 12.8-6.4 12.8-12.8V204.8c0-6.4-6.4-12.8-12.8-12.8h-22.4c-6.4 0-12.8 6.4-12.8 12.8v134.4c0 6.4 6.4 12.8 12.8 12.8zM496 400H48V80c0-8.84-7.16-16-16-16H16C7.16 64 0 71.16 0 80v336c0 17.67 14.33 32 32 32h464c8.84 0 16-7.16 16-16v-16c0-8.84-7.16-16-16-16zm-387.2-48h22.4c6.4 0 12.8-6.4 12.8-12.8v-70.4c0-6.4-6.4-12.8-12.8-12.8h-22.4c-6.4 0-12.8 6.4-12.8 12.8v70.4c0 6.4 6.4 12.8 12.8 12.8z\" class=\"\"><\/path><\/svg><\/i> <img decoding=\"async\" width=\"16\" height=\"16\" alt=\"Loading\" src=\"https:\/\/www.trilhosdorio.com.br\/aftr_wp\/wp-content\/plugins\/page-views-count\/ajax-loader-2x.gif\" border=0 \/><\/p>\n<div class=\"pvc_clear\"><\/div>\n","protected":false},"excerpt":{"rendered":"<p>O Departamento de Pesquisas e Projetos Trilhos do Rio \u00e9 uma institui\u00e7\u00e3o cuja hist\u00f3ria remonta ao ano de 2009. Naquele ano, um grupo de entusiastas, pesquisadores, historiadores e usu\u00e1rios dos sistemas de transporte sobre trilhos, uniu-se com o prop\u00f3sito de resgatar, preservar e divulgar a rica hist\u00f3ria ferrovi\u00e1ria do estado do Rio de Janeiro. Motivados [&hellip;]<\/p>\n<div class=\"pvc_clear\"><\/div>\n<p id=\"pvc_stats_14379\" class=\"pvc_stats total_only  \" data-element-id=\"14379\" style=\"\"><i class=\"pvc-stats-icon medium\" aria-hidden=\"true\"><svg aria-hidden=\"true\" focusable=\"false\" data-prefix=\"far\" data-icon=\"chart-bar\" role=\"img\" xmlns=\"http:\/\/www.w3.org\/2000\/svg\" viewBox=\"0 0 512 512\" class=\"svg-inline--fa fa-chart-bar fa-w-16 fa-2x\"><path fill=\"currentColor\" d=\"M396.8 352h22.4c6.4 0 12.8-6.4 12.8-12.8V108.8c0-6.4-6.4-12.8-12.8-12.8h-22.4c-6.4 0-12.8 6.4-12.8 12.8v230.4c0 6.4 6.4 12.8 12.8 12.8zm-192 0h22.4c6.4 0 12.8-6.4 12.8-12.8V140.8c0-6.4-6.4-12.8-12.8-12.8h-22.4c-6.4 0-12.8 6.4-12.8 12.8v198.4c0 6.4 6.4 12.8 12.8 12.8zm96 0h22.4c6.4 0 12.8-6.4 12.8-12.8V204.8c0-6.4-6.4-12.8-12.8-12.8h-22.4c-6.4 0-12.8 6.4-12.8 12.8v134.4c0 6.4 6.4 12.8 12.8 12.8zM496 400H48V80c0-8.84-7.16-16-16-16H16C7.16 64 0 71.16 0 80v336c0 17.67 14.33 32 32 32h464c8.84 0 16-7.16 16-16v-16c0-8.84-7.16-16-16-16zm-387.2-48h22.4c6.4 0 12.8-6.4 12.8-12.8v-70.4c0-6.4-6.4-12.8-12.8-12.8h-22.4c-6.4 0-12.8 6.4-12.8 12.8v70.4c0 6.4 6.4 12.8 12.8 12.8z\" class=\"\"><\/path><\/svg><\/i> <img decoding=\"async\" width=\"16\" height=\"16\" alt=\"Loading\" src=\"https:\/\/www.trilhosdorio.com.br\/aftr_wp\/wp-content\/plugins\/page-views-count\/ajax-loader-2x.gif\" border=0 \/><\/p>\n<div class=\"pvc_clear\"><\/div>\n","protected":false},"author":15,"featured_media":0,"parent":0,"menu_order":0,"comment_status":"closed","ping_status":"closed","template":"","meta":{"pmpro_default_level":"","footnotes":""},"class_list":["post-14379","page","type-page","status-publish","hentry","pmpro-has-access"],"yoast_head":"<!-- This site is optimized with the Yoast SEO plugin v23.5 - https:\/\/yoast.com\/wordpress\/plugins\/seo\/ -->\n<title>Quem somos? - Trilhos do Rio<\/title>\n<meta name=\"robots\" content=\"index, follow, max-snippet:-1, max-image-preview:large, max-video-preview:-1\" \/>\n<link rel=\"canonical\" href=\"https:\/\/www.trilhosdorio.com.br\/aftr_wp\/quem-somos\/\" \/>\n<meta property=\"og:locale\" content=\"pt_BR\" \/>\n<meta property=\"og:type\" content=\"article\" \/>\n<meta property=\"og:title\" content=\"Quem somos? - Trilhos do Rio\" \/>\n<meta property=\"og:description\" content=\"O Departamento de Pesquisas e Projetos Trilhos do Rio \u00e9 uma institui\u00e7\u00e3o cuja hist\u00f3ria remonta ao ano de 2009. Naquele ano, um grupo de entusiastas, pesquisadores, historiadores e usu\u00e1rios dos sistemas de transporte sobre trilhos, uniu-se com o prop\u00f3sito de resgatar, preservar e divulgar a rica hist\u00f3ria ferrovi\u00e1ria do estado do Rio de Janeiro. Motivados [&hellip;]\" \/>\n<meta property=\"og:url\" content=\"https:\/\/www.trilhosdorio.com.br\/aftr_wp\/quem-somos\/\" \/>\n<meta property=\"og:site_name\" content=\"Trilhos do Rio\" \/>\n<meta property=\"article:publisher\" content=\"https:\/\/www.facebook.com\/trilhosdorio\/\" \/>\n<meta property=\"article:modified_time\" content=\"2024-11-08T14:16:46+00:00\" \/>\n<meta name=\"twitter:card\" content=\"summary_large_image\" \/>\n<meta name=\"twitter:site\" content=\"@trilhosdorio\" \/>\n<meta name=\"twitter:label1\" content=\"Est. tempo de leitura\" \/>\n\t<meta name=\"twitter:data1\" content=\"3 minutos\" \/>\n<script type=\"application\/ld+json\" class=\"yoast-schema-graph\">{\"@context\":\"https:\/\/schema.org\",\"@graph\":[{\"@type\":\"WebPage\",\"@id\":\"https:\/\/www.trilhosdorio.com.br\/aftr_wp\/quem-somos\/\",\"url\":\"https:\/\/www.trilhosdorio.com.br\/aftr_wp\/quem-somos\/\",\"name\":\"Quem somos? - Trilhos do Rio\",\"isPartOf\":{\"@id\":\"https:\/\/www.trilhosdorio.com.br\/aftr_wp\/#website\"},\"datePublished\":\"2024-11-08T13:11:53+00:00\",\"dateModified\":\"2024-11-08T14:16:46+00:00\",\"breadcrumb\":{\"@id\":\"https:\/\/www.trilhosdorio.com.br\/aftr_wp\/quem-somos\/#breadcrumb\"},\"inLanguage\":\"pt-BR\",\"potentialAction\":[{\"@type\":\"ReadAction\",\"target\":[\"https:\/\/www.trilhosdorio.com.br\/aftr_wp\/quem-somos\/\"]}]},{\"@type\":\"BreadcrumbList\",\"@id\":\"https:\/\/www.trilhosdorio.com.br\/aftr_wp\/quem-somos\/#breadcrumb\",\"itemListElement\":[{\"@type\":\"ListItem\",\"position\":1,\"name\":\"In\u00edcio\",\"item\":\"https:\/\/www.trilhosdorio.com.br\/aftr_wp\/\"},{\"@type\":\"ListItem\",\"position\":2,\"name\":\"Quem somos?\"}]},{\"@type\":\"WebSite\",\"@id\":\"https:\/\/www.trilhosdorio.com.br\/aftr_wp\/#website\",\"url\":\"https:\/\/www.trilhosdorio.com.br\/aftr_wp\/\",\"name\":\"Trilhos do Rio\",\"description\":\"Passado, presente e futuro: tudo na mesma linha!\",\"publisher\":{\"@id\":\"https:\/\/www.trilhosdorio.com.br\/aftr_wp\/#organization\"},\"potentialAction\":[{\"@type\":\"SearchAction\",\"target\":{\"@type\":\"EntryPoint\",\"urlTemplate\":\"https:\/\/www.trilhosdorio.com.br\/aftr_wp\/?s={search_term_string}\"},\"query-input\":{\"@type\":\"PropertyValueSpecification\",\"valueRequired\":true,\"valueName\":\"search_term_string\"}}],\"inLanguage\":\"pt-BR\"},{\"@type\":\"Organization\",\"@id\":\"https:\/\/www.trilhosdorio.com.br\/aftr_wp\/#organization\",\"name\":\"Associa\u00e7\u00e3o Ferrovi\u00e1ria Trilhos do Rio\",\"url\":\"https:\/\/www.trilhosdorio.com.br\/aftr_wp\/\",\"logo\":{\"@type\":\"ImageObject\",\"inLanguage\":\"pt-BR\",\"@id\":\"https:\/\/www.trilhosdorio.com.br\/aftr_wp\/#\/schema\/logo\/image\/\",\"url\":\"https:\/\/www.trilhosdorio.com.br\/aftr_wp\/wp-content\/uploads\/2020\/03\/logo512x512.png\",\"contentUrl\":\"https:\/\/www.trilhosdorio.com.br\/aftr_wp\/wp-content\/uploads\/2020\/03\/logo512x512.png\",\"width\":512,\"height\":512,\"caption\":\"Associa\u00e7\u00e3o Ferrovi\u00e1ria Trilhos do Rio\"},\"image\":{\"@id\":\"https:\/\/www.trilhosdorio.com.br\/aftr_wp\/#\/schema\/logo\/image\/\"},\"sameAs\":[\"https:\/\/www.facebook.com\/trilhosdorio\/\",\"https:\/\/x.com\/trilhosdorio\",\"https:\/\/www.instagram.com\/trilhosdorio\/\",\"https:\/\/www.linkedin.com\/company\/aftr-associa\u00e7\u00e3o-ferrovi\u00e1ria-trilhos-do-rio\/\",\"https:\/\/br.pinterest.com\/aftrilhosdorio\/\",\"https:\/\/www.youtube.com\/user\/trilhosdorio\"]}]}<\/script>\n<!-- \/ Yoast SEO plugin. -->","yoast_head_json":{"title":"Quem somos? - Trilhos do Rio","robots":{"index":"index","follow":"follow","max-snippet":"max-snippet:-1","max-image-preview":"max-image-preview:large","max-video-preview":"max-video-preview:-1"},"canonical":"https:\/\/www.trilhosdorio.com.br\/aftr_wp\/quem-somos\/","og_locale":"pt_BR","og_type":"article","og_title":"Quem somos? - Trilhos do Rio","og_description":"O Departamento de Pesquisas e Projetos Trilhos do Rio \u00e9 uma institui\u00e7\u00e3o cuja hist\u00f3ria remonta ao ano de 2009. Naquele ano, um grupo de entusiastas, pesquisadores, historiadores e usu\u00e1rios dos sistemas de transporte sobre trilhos, uniu-se com o prop\u00f3sito de resgatar, preservar e divulgar a rica hist\u00f3ria ferrovi\u00e1ria do estado do Rio de Janeiro. Motivados [&hellip;]","og_url":"https:\/\/www.trilhosdorio.com.br\/aftr_wp\/quem-somos\/","og_site_name":"Trilhos do Rio","article_publisher":"https:\/\/www.facebook.com\/trilhosdorio\/","article_modified_time":"2024-11-08T14:16:46+00:00","twitter_card":"summary_large_image","twitter_site":"@trilhosdorio","twitter_misc":{"Est. tempo de leitura":"3 minutos"},"schema":{"@context":"https:\/\/schema.org","@graph":[{"@type":"WebPage","@id":"https:\/\/www.trilhosdorio.com.br\/aftr_wp\/quem-somos\/","url":"https:\/\/www.trilhosdorio.com.br\/aftr_wp\/quem-somos\/","name":"Quem somos? - Trilhos do Rio","isPartOf":{"@id":"https:\/\/www.trilhosdorio.com.br\/aftr_wp\/#website"},"datePublished":"2024-11-08T13:11:53+00:00","dateModified":"2024-11-08T14:16:46+00:00","breadcrumb":{"@id":"https:\/\/www.trilhosdorio.com.br\/aftr_wp\/quem-somos\/#breadcrumb"},"inLanguage":"pt-BR","potentialAction":[{"@type":"ReadAction","target":["https:\/\/www.trilhosdorio.com.br\/aftr_wp\/quem-somos\/"]}]},{"@type":"BreadcrumbList","@id":"https:\/\/www.trilhosdorio.com.br\/aftr_wp\/quem-somos\/#breadcrumb","itemListElement":[{"@type":"ListItem","position":1,"name":"In\u00edcio","item":"https:\/\/www.trilhosdorio.com.br\/aftr_wp\/"},{"@type":"ListItem","position":2,"name":"Quem somos?"}]},{"@type":"WebSite","@id":"https:\/\/www.trilhosdorio.com.br\/aftr_wp\/#website","url":"https:\/\/www.trilhosdorio.com.br\/aftr_wp\/","name":"Trilhos do Rio","description":"Passado, presente e futuro: tudo na mesma linha!","publisher":{"@id":"https:\/\/www.trilhosdorio.com.br\/aftr_wp\/#organization"},"potentialAction":[{"@type":"SearchAction","target":{"@type":"EntryPoint","urlTemplate":"https:\/\/www.trilhosdorio.com.br\/aftr_wp\/?s={search_term_string}"},"query-input":{"@type":"PropertyValueSpecification","valueRequired":true,"valueName":"search_term_string"}}],"inLanguage":"pt-BR"},{"@type":"Organization","@id":"https:\/\/www.trilhosdorio.com.br\/aftr_wp\/#organization","name":"Associa\u00e7\u00e3o Ferrovi\u00e1ria Trilhos do Rio","url":"https:\/\/www.trilhosdorio.com.br\/aftr_wp\/","logo":{"@type":"ImageObject","inLanguage":"pt-BR","@id":"https:\/\/www.trilhosdorio.com.br\/aftr_wp\/#\/schema\/logo\/image\/","url":"https:\/\/www.trilhosdorio.com.br\/aftr_wp\/wp-content\/uploads\/2020\/03\/logo512x512.png","contentUrl":"https:\/\/www.trilhosdorio.com.br\/aftr_wp\/wp-content\/uploads\/2020\/03\/logo512x512.png","width":512,"height":512,"caption":"Associa\u00e7\u00e3o Ferrovi\u00e1ria Trilhos do Rio"},"image":{"@id":"https:\/\/www.trilhosdorio.com.br\/aftr_wp\/#\/schema\/logo\/image\/"},"sameAs":["https:\/\/www.facebook.com\/trilhosdorio\/","https:\/\/x.com\/trilhosdorio","https:\/\/www.instagram.com\/trilhosdorio\/","https:\/\/www.linkedin.com\/company\/aftr-associa\u00e7\u00e3o-ferrovi\u00e1ria-trilhos-do-rio\/","https:\/\/br.pinterest.com\/aftrilhosdorio\/","https:\/\/www.youtube.com\/user\/trilhosdorio"]}]}},"_links":{"self":[{"href":"https:\/\/www.trilhosdorio.com.br\/aftr_wp\/wp-json\/wp\/v2\/pages\/14379","targetHints":{"allow":["GET"]}}],"collection":[{"href":"https:\/\/www.trilhosdorio.com.br\/aftr_wp\/wp-json\/wp\/v2\/pages"}],"about":[{"href":"https:\/\/www.trilhosdorio.com.br\/aftr_wp\/wp-json\/wp\/v2\/types\/page"}],"author":[{"embeddable":true,"href":"https:\/\/www.trilhosdorio.com.br\/aftr_wp\/wp-json\/wp\/v2\/users\/15"}],"replies":[{"embeddable":true,"href":"https:\/\/www.trilhosdorio.com.br\/aftr_wp\/wp-json\/wp\/v2\/comments?post=14379"}],"version-history":[{"count":4,"href":"https:\/\/www.trilhosdorio.com.br\/aftr_wp\/wp-json\/wp\/v2\/pages\/14379\/revisions"}],"predecessor-version":[{"id":14383,"href":"https:\/\/www.trilhosdorio.com.br\/aftr_wp\/wp-json\/wp\/v2\/pages\/14379\/revisions\/14383"}],"wp:attachment":[{"href":"https:\/\/www.trilhosdorio.com.br\/aftr_wp\/wp-json\/wp\/v2\/media?parent=14379"}],"curies":[{"name":"wp","href":"https:\/\/api.w.org\/{rel}","templated":true}]}}